 highest common divisor of 21536508 and 52290.
3486
Calculate the greatest common factor of 76182405 and 13.
13
What is the greatest common factor of 26598515 and 11601?
1289
What is the highest common divisor of 406538179 and 5198?
2599
Calculate the highest common divisor of 6280 and 547849930.
1570
Calculate the highest common divisor of 211239810 and 90.
90
What is the highest common factor of 76 and 555548?
4
Calculate the greatest common factor of 12639 and 32944128.
1149
Calculate the highest common factor of 375 and 182805045.
15
What is the greatest common factor of 78 and 173760483?
39
What is the greatest common factor of 3135 and 512593191?
627
What is the greatest common factor of 200160 and 32804?
556
What is the greatest common factor of 21040 and 932335?
1315
What is the greatest common factor of 59344 and 20818617?
3709
What is the greatest common divisor of 28433659 and 551?
29
Calculate the highest common divisor of 760 and 166751999.
19
What is the highest common divisor of 1935 and 63441555?
645
What is the highest common factor of 6592 and 760432?
16
Calculate the highest common divisor of 2253467130 and 15.
15
Calculate the greatest common divisor of 2 and 1238715.
1
Calculate the highest common factor of 4285 and 6790.
5
What is the greatest common divisor of 6556 and 1296?
4
What is the highest common divisor of 5868 and 1070205840?
5868
What is the greatest common factor of 7660 and 1050952?
1532
Calculate the highest common divisor of 268961 and 5044391.
5489
Calculate the highest common factor of 1716 and 579612.
132
What is the greatest common divisor of 476216 and 5309512?
1976
What is the greatest common divisor of 53890 and 13685?
85
Calculate the highest common divisor of 292403 and 607671.
269
Calculate the highest common factor of 85576932 and 1176.
588
What is the greatest common factor of 14260544 and 1?
1
What is the greatest common factor of 8665 and 9385?
5
Calculate the greatest common factor of 149445725 and 17.
17
Calculate the greatest common divisor of 9893 and 119717.
13
Calculate the highest common divisor of 48160 and 4702320.
560
Calculate the greatest common divisor of 117 and 3129858.
9
What is the highest common factor of 16276 and 95212?
52
Calculate the greatest common divisor of 879580368 and 192.
48
Calculate the highest common factor of 2496 and 546851760.
624
What is the highest common factor of 469293006 and 273?
273
What is the greatest common factor of 45017618 and 904?
226
Calculate the greatest common factor of 1412 and 74483.
353
Calculate the highest common factor of 1320 and 15505800.
120
Calculate the greatest common divisor of 114 and 1815735.
57
What is the highest common factor of 5546676 and 24209?
563
What is the greatest common divisor of 14637 and 3728253?
2091
Calculate the greatest common factor of 76 and 17583398.
38
Calculate the highest common factor of 66918293 and 1027.
1027
Calculate the highest common divisor of 689942 and 5.
1
What is the highest common divisor of 219611394 and 402?
402
What is the highest common factor of 324231 and 6141?
69
What is the greatest common factor of 135141 and 355668?
321
What is the greatest common factor of 1508 and 5891392?
52
What is the highest common divisor of 223980 and 480?
60
What is the highest common factor of 958912 and 1600?
64
What is the greatest common factor of 14 and 16460353?
7
What is the highest common divisor of 65545 and 95?
5
Calculate the greatest common factor of 1101245 and 12696455.
4285
What is the greatest common divisor of 1290 and 132459823?
43
Calculate the highest common divisor of 789168 and 5065632.
1968
Calculate the highest common factor of 243666140 and 230.
230
Calculate the highest common factor of 256 and 17342912.
64
Calculate the greatest common factor of 174200740 and 1064.
532
Calculate the greatest common factor of 520 and 1573960.
40
What is the greatest common factor of 264 and 1768865736?
264
Calculate the highest common divisor of 56813837 and 5745.
383
Calculate the greatest common factor of 582471 and 2888385.
2397
Calculate the greatest common factor of 35 and 8287265.
35
Calculate the greatest common divisor of 103208216 and 1334.
58
Calculate the greatest common divisor of 294834 and 2340.
6
Calculate the highest common factor of 2252774181 and 21.
21
What is the highest common divisor of 6692 and 2897188?
28
Calculate the highest common divisor of 1532302 and 29435.
841
What is the highest common divisor of 1429857 and 3072069?
14157
Calculate the greatest common factor of 389880 and 196560.
1080
Calculate the highest common divisor of 27734993 and 507.
13
What is the greatest common factor of 40 and 1341350200?
40
What is the greatest common factor of 52 and 60234868?
4
Calculate the highest common divisor of 13841252 and 217.
31
What is the greatest common factor of 4964601 and 509058?
2571
What is the greatest common factor of 27208440 and 36?
36
What is the greatest common divisor of 166845 and 78645?
735
Calculate the highest common divisor of 2621010 and 1670.
10
Calculate the greatest common divisor of 856 and 751354.
214
What is the greatest common factor of 56339924 and 29?
29
What is the greatest common divisor of 820540384 and 1856?
928
Calculate the greatest common factor of 4426740 and 576.
36
What is the greatest common divisor of 656 and 1601911?
41
Calculate the highest common factor of 544 and 3296.
32
What is the highest common factor of 104380 and 30685?
85
Calculate the highest common divisor of 576 and 985144.
8
What is the greatest common divisor of 46404952 and 968?
968
Calculate the greatest common factor of 2231064 and 147906.
1782
What is the highest common factor of 142 and 19831223?
71
What is the highest common factor of 1596 and 2160319?
133
Calculate the greatest common factor of 1147450179 and 7622.
3811
Calculate the greatest common divisor of 280 and 213638180.
140
What is the highest common divisor of 375051314 and 374?
374
What is the greatest common divisor of 6165 and 150210?
45
Calculate the greatest common factor of 104482 and 12617738.
6146
Calculate the greatest common divisor of 3 and 23899362.
3
What is the highest common factor of 36490488 and 83334?
4902
Calculate the highest common divisor of 20576477 and 16354.
629
Calculate the greatest common factor of 48433 and 6498569.
2849
Calculate the highest common factor of 3215157588 and 6126.
6126
Calculate the greatest common divisor of 254 and 212594444.
254
Calculate the highest common divisor of 1366205 and 25449.
17
What is the highest common factor of 4774 and 422114?
154
What is the greatest common factor of 216112052 and 78?
26
What is the highest common factor of 10329832 and 64?
8
What is the greatest common factor of 3465 and 14313640?
55
What is the highest common divisor of 627202334 and 22?
22
Calculate the greatest common factor of 8 and 29586616.
8
Calculate the greatest common divisor of 1578031 and 35763.
91
What is the highest common factor of 1494 and 470276838?
1494
What is the greatest common divisor of 1309081264 and 16?
16
What is the greatest common factor of 18 and 13425250?
2
Calculate the highest common factor of 4492492 and 5724.
212
What is the greatest common factor of 104685336 and 672?
168
What is the highest common divisor of 2769 and 12757368?
39
Calculate the highest common divisor of 1311 and 1892571.
57
What is the greatest common divisor of 89 and 13184371?
89
What is the greatest common factor of 14063 and 4073125?
343
What is the greatest common factor of 599968 and 2164?
4
Calculate the highest common divisor of 416923 and 1183.
169
What is the greatest common divisor of 110 and 1076252210?
110
Calculate the highest common divisor of 285194475 and 375.
75
What is the greatest common divisor of 24 and 651093?
3
Calculate the highest common factor of 63 and 1260980.
7
Calculate the greatest common factor of 1925 and 20563235.
385
What is the greatest common factor of 1072 and 695906488?
536
Calculate the highest common factor of 232994 and 2522.
194
What is the greatest common factor of 848 and 3052217?
53
Calculate the greatest common divisor of 498031 and 1932952.
4931
Calculate the greatest common divisor of 18414 and 9192678.
2046
Wha